{"id":12671,"date":"2018-08-03T11:39:19","date_gmt":"2018-08-03T11:39:19","guid":{"rendered":"https:\/\/giegling-haustechnik.de\/?page_id=12671"},"modified":"2018-08-03T12:37:48","modified_gmt":"2018-08-03T12:37:48","slug":"wir-bilden-aus","status":"publish","type":"page","link":"https:\/\/giegling-haustechnik.de\/?page_id=12671","title":{"rendered":"Wir bilden aus!"},"content":{"rendered":"\n<style type=\"text\/css\" data-created_by=\"avia_inline_auto\" id=\"style-css-av-av_one_full-15d750bd1b332b34c6e70b077ebbccdf\">\n.flex_column.av-av_one_full-15d750bd1b332b34c6e70b077ebbccdf{\nborder-radius:0px 0px 0px 0px;\npadding:0px 0px 0px 0px;\n}\n<\/style>\n<div  class='flex_column av-av_one_full-15d750bd1b332b34c6e70b077ebbccdf av_one_full  avia-builder-el-0  el_before_av_one_fourth  avia-builder-el-first  first flex_column_div av-zero-column-padding  '     ><style type=\"text\/css\" data-created_by=\"avia_inline_auto\" id=\"style-css-av-av_heading-446054ba4d32c3be24ae2e1060424a06\">\n#top .av-special-heading.av-av_heading-446054ba4d32c3be24ae2e1060424a06{\npadding-bottom:10px;\n}\nbody .av-special-heading.av-av_heading-446054ba4d32c3be24ae2e1060424a06 .av-special-heading-tag .heading-char{\nfont-size:25px;\n}\n.av-special-heading.av-av_heading-446054ba4d32c3be24ae2e1060424a06 .av-subheading{\nfont-size:15px;\n}\n<\/style>\n<div  class='av-special-heading av-av_heading-446054ba4d32c3be24ae2e1060424a06 av-special-heading-h2 blockquote modern-quote modern-centered  avia-builder-el-1  avia-builder-el-no-sibling '><h2 class='av-special-heading-tag '  itemprop=\"headline\"  >Ausbildung zum Anlagenmechaniker\/ -in f\u00fcr Sanit\u00e4r-, Heizungs- und Klimatechnik<\/h2><div class=\"special-heading-border\"><div class=\"special-heading-inner-border\"><\/div><\/div><\/div><\/div>\n<style type=\"text\/css\" data-created_by=\"avia_inline_auto\" id=\"style-css-av-av_one_fourth-15d750bd1b332b34c6e70b077ebbccdf\">\n.flex_column.av-av_one_fourth-15d750bd1b332b34c6e70b077ebbccdf{\nborder-radius:0px 0px 0px 0px;\npadding:0px 0px 0px 0px;\n}\n<\/style>\n<div  class='flex_column av-av_one_fourth-15d750bd1b332b34c6e70b077ebbccdf av_one_fourth  avia-builder-el-2  el_after_av_one_full  el_before_av_one_half  first flex_column_div av-zero-column-padding  column-top-margin'     ><\/div><\/p>\n\n<style type=\"text\/css\" data-created_by=\"avia_inline_auto\" id=\"style-css-av-av_one_half-c8fc129dc35fd1ae2a1e410224d39ea8\">\n.flex_column.av-av_one_half-c8fc129dc35fd1ae2a1e410224d39ea8{\nborder-radius:0px 0px 0px 0px;\npadding:0px 0px 0px 0px;\n}\n<\/style>\n<div  class='flex_column av-av_one_half-c8fc129dc35fd1ae2a1e410224d39ea8 av_one_half  avia-builder-el-3  el_after_av_one_fourth  avia-builder-el-last  flex_column_div av-zero-column-padding  column-top-margin'     ><section  class='av_textblock_section av-av_textblock-2de302bf1aa3cf4c9157dbe6f50ac7eb '   itemscope=\"itemscope\" itemtype=\"https:\/\/schema.org\/CreativeWork\" ><div class='avia_textblock'  itemprop=\"text\" ><p>Anlagenmechaniker\/innen f\u00fcr Sanit\u00e4r-, Heizungs- und Klimatechnik planen und installieren versorgungstechnische Anlagen und Systeme. Sie warten diese auch und setzen sie instand.<\/p>\n<p>Anlagenmechaniker\/innen f\u00fcr Sanit\u00e4r-, Heizungs- und Klimatechnik arbeiten haupts\u00e4chlich in versorgungstechnischen Installationsbetrieben oder bei Heizungs- und Klimaanlagenbauern. Dar\u00fcber hinaus gibt es Besch\u00e4ftigungsm\u00f6glichkeiten bei Betrieben, die Solar- oder Regenwassernutzungsanlagen erstellen, bei Hausmeisterdiensten oder bei technischen Wartungsdiensten.<\/p>\n<\/div><\/section><\/div>\n","protected":false},"excerpt":{"rendered":"","protected":false},"author":2,"featured_media":0,"parent":0,"menu_order":0,"comment_status":"closed","ping_status":"closed","template":"","meta":{"footnotes":""},"class_list":["post-12671","page","type-page","status-publish","hentry"],"_links":{"self":[{"href":"https:\/\/giegling-haustechnik.de\/index.php?rest_route=\/wp\/v2\/pages\/12671","targetHints":{"allow":["GET"]}}],"collection":[{"href":"https:\/\/giegling-haustechnik.de\/index.php?rest_route=\/wp\/v2\/pages"}],"about":[{"href":"https:\/\/giegling-haustechnik.de\/index.php?rest_route=\/wp\/v2\/types\/page"}],"author":[{"embeddable":true,"href":"https:\/\/giegling-haustechnik.de\/index.php?rest_route=\/wp\/v2\/users\/2"}],"replies":[{"embeddable":true,"href":"https:\/\/giegling-haustechnik.de\/index.php?rest_route=%2Fwp%2Fv2%2Fcomments&post=12671"}],"version-history":[{"count":5,"href":"https:\/\/giegling-haustechnik.de\/index.php?rest_route=\/wp\/v2\/pages\/12671\/revisions"}],"predecessor-version":[{"id":12715,"href":"https:\/\/giegling-haustechnik.de\/index.php?rest_route=\/wp\/v2\/pages\/12671\/revisions\/12715"}],"wp:attachment":[{"href":"https:\/\/giegling-haustechnik.de\/index.php?rest_route=%2Fwp%2Fv2%2Fmedia&parent=12671"}],"curies":[{"name":"wp","href":"https:\/\/api.w.org\/{rel}","templated":true}]}}